z.
6
Let y(g) = -g**3 - 4*g + 17. What is the remainder when 1851 is divided by y(0)?
15
Suppose 12 = g + 4*b, 0 = 11*g - 13*g - 5*b + 30. What is the remainder when 77 is divided by g?
17
Calculate the remainder when 170 is divided by (-33)/(-9)*(-180)/(-30).
16
Let u = 106 - 96. Suppose 78 = -9*h + u*h. Calculate the remainder when h is divided by 27.
24
Let d = -241 - -246. Calculate the remainder when 32 is divided by d.
2
Calculate the remainder when 97 is divided by (17/2)/(-3*(-5)/30).
12
Suppose 4*j - 1041 = -5*x, -3*x = -3*j - j - 631. What is the remainder when x is divided by 30?
29
Let a(k) = 2*k**3 - 33*k**2 + 22*k - 17. What is the remainder when a(16) is divided by 18?
7
Suppose -y + 136 = 5*w, -5*w + 156 = 3*y - 7*y. What is the remainder when 222 is divided by w?
26
Let b be 1*-3*(-4)/(-6). What is the remainder when ((-2)/b)/(4/76) is divided by 7?
5
Let n(a) = -a**3 - a**2 + 6*a - 3. Let z be n(2). Let g(t) = -2*t**3 + 2*t**2 + 2*t + 7. What is the remainder when g(z) is divided by 25?
23
Let n be -623*(-4 - -3) - 4. Suppose -4*j + 49 + n = 0. Calculate the remainder when j is divided by 12.
11
Suppose 210*y + 820 = 251*y. What is the remainder when 1799 is divided by y?
19
Let u(g) = 3 + 5 + g**2 - 2*g**2 - 8*g + 0*g**2. Let l be u(-9). What is the remainder when l + 44 + 3 + -3 is divided by 22?
21
Let i(m) = -m**3 + 5*m**2 + 3*m - 7. Let g be i(5). Suppose g = -2*s + n, s = -4*s + n - 17. Let c = 7 + s. What is the remainder when c is divided by 3?
1
Let z = 3 + -27. Let h = 24 + z. Suppose 4*x + 3*a - 45 = h, 5*x + 3*a + 2*a = 55. What is the remainder when 34 is divided by x?
10
Suppose -2*g + 3*b = -g + 10, 0 = b - 1. Let w(m) = -m - 4. What is the remainder when (-13)/26 + 21/2 is divided by w(g)?
1
Let u be (-2 + -2 + 4)/(-3). Suppose -5 = 3*r + z, 2*r - 4*r = -4*z - 6. What is the remainder when 120/4 - (u - r) is divided by 15?
14
Let s(b) = 5*b**2 - 12*b + 16. Let m be s(8). Calculate the remainder when (m/14)/(3/21) is divided by 41.
38
Let z = 105 + -94. What is the remainder when 3 - 2 - (-62)/2 is divided by z?
10
Let i(x) = -x**3 + x**2 + 5. Let r be i(0). Suppose r*t - 58 = 3*m, 2*t - 3*m - 30 = -t. Suppose -4*d + t = -2*d. What is the remainder when 25 is divided by d?
4
Suppose 4*c + 230 = p, c - 1171 = -6*p + p. Calculate the remainder when (2/(-3))/((-4)/p) is divided by 11.
6
Suppose 2*p - 4 = p. Suppose -22 = -3*t - y, -4*y = -p*t - 4 + 28. Suppose -7*m + 34 = 10*m. Calculate the remainder when t is divided by m.
1
Let d = 62 - 58. Suppose 3*w - 15 = 0, -2*k + d*w + 59 = -w. What is the remainder when k is divided by 11?
9
Suppose 0 = -u + 1, 570 = 4*v + 3*u - 5*u. Suppose -2359*l = -2333*l - 1248. What is the remainder when v is divided by l?
47
Calculate the remainder when 134 is divided by -2*188/8*-1.
40
Suppose -20*j = -12*j - 24. Suppose 2*k = -k + 6. Suppose 0 = -k*w + j + 3. What is the remainder when 12 is divided by w?
0
Suppose 2*c = -4*h + 82 - 22, 4*c + 23 = 3*h. What is the remainder when 45 is divided by h?
6
Suppose -6*q = -0*q + 96. Calculate the remainder when 94/3 - q/24 is divided by 17.
15
Let h = 73 - 70. Suppose -52 = -2*d + 5*l, -4*l - h = 5. Calculate the remainder when 79 is divided by d.
16
Let u = -55 + 36. Let x(s) = -s + 20. What is the remainder when x(u) is divided by 10?
9
Let r = 188 + -146. What is the remainder when r is divided by 7?
0
Let q = -19 + -4. Let n = q + 28. Suppose -3*a + 4*k = -34, -n*a - 4*k + 26 = -3*k. Calculate the remainder when a is divided by 3.
0
Let z(i) = i**3 + 25*i**2 - 6*i. Calculate the remainder when z(-25) is divided by 38.
36
Suppose 0 = -h + 2*h - 5*n - 6, 8 = h - 3*n. What is the remainder when 37 is divided by 77/4 - h/44?
18
Let o = -38 + 47. What is the remainder when 47/3 + (-2)/(-6) is divided by o?
7
Let r(u) = u**2 + u - 3. Suppose 0 = -2*l + 2*x + 6, 3*l - 2*l - 3 = -2*x. Suppose -l*g - g = -24. Calculate the remainder when r(4) is divided by g.
5
Calculate the remainder when -21*((-8)/36)/((-2)/(-24)) is divided by 20.
16
Let w(h) = 8*h**2 - h - 2. Let u be w(2). Suppose 4*z - 2*z = u. Calculate the remainder when 111 is divided by z.
13
Suppose -43*d + 184 = -41*d. Suppose 0 = 5*y - y - d. Calculate the remainder when 34 is divided by y.
11
Suppose 2*d = x + 149, -2*d + 223 = d - 2*x. Let j = d - 51. What is the remainder when 47 is divided by j?
23
Suppose 7*n + 12 = 10*n. Suppose -106 = -4*j - 2*f, -f + 155 = n*j + 44. What is the remainder when j is divided by 8?
5
Let y be 61/7 - (6 - (-176)/(-28)). Calculate the remainder when (-3)/y*-93*2 is divided by 7.
6
Let p(v) = 4*v**3 + v**2 - 2*v + 1. Let b be p(1). Suppose 5*d = -b*t + 12, -2*t + 7*t = -4*d + 6. Calculate the remainder when 15 is divided by d.
3
Let b(q) = q**3 - 18*q**2 - 20*q - 22. Let f be b(19). Let j = 67 + f. What is the remainder when j is divided by 10?
6
Let f = 39 + 5. Let i = f + -25. What is the remainder when 34 is divided by i?
15
Suppose -128 = 3*o - 431. Calculate the remainder when o is divided by 39.
23
Let g = -295 + 328. Suppose 0 = -r - 3*r - s + 73, -5*r + 4*s = -86. What is the remainder when g is divided by r?
15
Calculate the remainder when (-10)/(-90) - (6640/(-18) + 1) is divided by 93.
89
Suppose 0 = -3*s - 4*p + 388, 4*p + 536 = 4*s - 0*p. Suppose 2*m - 4*k = s, 4*k - 182 = -3*m + 2*k. Calculate the remainder when m is divided by 9.
8
Let l = -8 + 11. Suppose -z + 44 = l*z. Suppose 0 = 3*w + 84 - 102. Calculate the remainder when z is divided by w.
5
Suppose -6*d = -3*d - 2*o - 1782, -d - o + 594 = 0. Suppose 0*b - d = -3*b. Let g = b - 117. What is the remainder when g is divided by 21?
18
Let n(x) = -3*x + 15. What is the remainder when 4/26 + 3066/182 is divided by n(3)?
5
Let h(a) = a + 17. What is the remainder when (1 - -4)*(-3)/(-5) is divided by h(-15)?
1
Suppose 3*n = -631 + 712. Calculate the remainder when n is divided by 7.
6
Suppose -31*l + 38*l - 112 = 0. Suppose -3*c = -0*c - 186. Calculate the remainder when c is divided by l.
14
Let x(k) = k**2 - 8*k - 13. Calculate the remainder when 258 is divided by x(-5).
50
Suppose -38*n = 4*n - 882. Calculate the remainder when 36 is divided by n.
15
Let d = 2 - -1. Let o(y) = -10*y**3 + 2 + 4*y**3 + 1 + 5*y**d. Calculate the remainder when 8 is divided by o(0).
2
Let p(o) = 10*o + 110. What is the remainder when p(-4) is divided by 6?
4
Suppose 7*a + 5*a = 84. What is the remainder when 19 is divided by a?
5
Suppose -168 = o - 8*o. Calculate the remainder when 92 is divided by o.
20
Suppose -228 + 7 = -13*i. What is the remainder when 832 is divided by i?
16
Let x(r) = r**2 + 3*r - 10. Suppose -3*k + 12 + 6 = 0. Calculate the remainder when x(k) is divided by (-3)/(-12) - 118/(-8).
14
Let u = 16 - 12. Suppose 2*w = o + 110, 2*w + 3*w = u*o + 281. Suppose 0 = n - 2*n + 18. What is the remainder when w is divided by n?
17
Suppose 36 + 6 = 6*z. Calculate the remainder when z is divided by 4.
3
Let m(i) = -i**3 - 3*i**2 - 7*i. Let k(j) = j - 7. Let c be k(4). Suppose -q + 3*q = 24. What is the remainder when m(c) is divided by q?
9
Suppose r + 590 = -5*q - 0*r, r - 362 = 3*q. Let b = q - -172. Suppose 5*n + 6*l - 2*l - 50 = 0, 25 = -5*l. Calculate the remainder when b is divided by n.
11
Suppose -4*l = -4 - 8. Suppose 0 = l*a - 3*k + 12, 4*k = -a - 11 - 3. Let c(h) = h**2 + 6*h + 14. What is the remainder when c(a) is divided by 8?
6
Calculate the remainder when 139 is divided by (-3 + 5/(-15))*(-294)/35.
27
Let d be 3/(11/(-8) - -1). Let p(v) = v**3 + 8*v**2 - 5*v + 8. Calculate the remainder when p(d) is divided by 25.
23
Let m(j) = -j**3 - 8*j**2 + 5*j - 4. Let n be m(-5). Suppose -732 = 66*a - 54*a. Let k = a - n. Calculate the remainder when k is divided by 11.
10
Suppose -2*f = 2*m - 548, 435 = -3*m + 2*f + 1262. Calculate the remainder when m is divided by 31.
27
Suppose t = c + 7, -2*t = -4*c - 0 - 18. What is the remainder when ((-1)/c)/((-2)/(-832)*4) is divided by 14?
10
Suppose 0 = -3*f + 7*f - 432. Suppose -4*m + f = 2*b, 5*b - 23 - 58 = -3*m. Calculate the remainder when m is divided by 10.
7
Let d(k) = 2*k**2 - 3*k - 5. Let x be d(-4). Let g = x + -22. Calculate the remainder when 2*-1*201/(-6) is divided by g.
16
Let d = 42 + -46. What is the remainder when 